{"id":658,"date":"2024-03-05T22:37:02","date_gmt":"2024-03-05T21:37:02","guid":{"rendered":"https:\/\/shyrispro.com\/?page_id=658"},"modified":"2024-03-27T23:04:30","modified_gmt":"2024-03-27T22:04:30","slug":"dispensadores","status":"publish","type":"page","link":"https:\/\/shyrispro.com\/index.php\/dispensadores\/","title":{"rendered":"Dispensadores"},"content":{"rendered":"\t\t<div data-elementor-type=\"wp-page\" data-elementor-id=\"658\" class=\"elementor elementor-658\" data-elementor-post-type=\"page\">\n\t\t\t\t<div class=\"elementor-element elementor-element-3abf47d3 e-flex e-con-boxed e-con e-parent\" data-id=\"3abf47d3\" data-element_type=\"container\" data-settings=\"{&quot;background_background&quot;:&quot;classic&quot;,&quot;shape_divider_bottom&quot;:&quot;pyramids&quot;}\">\n\t\t\t\t\t<div class=\"e-con-inner\">\n\t\t\t\t<div class=\"elementor-shape elementor-shape-bottom\" data-negative=\"false\">\n\t\t\t<svg xmlns=\"http:\/\/www.w3.org\/2000\/svg\" viewBox=\"0 0 1000 100\" preserveAspectRatio=\"none\">\n\t<path class=\"elementor-shape-fill\" d=\"M761.9,44.1L643.1,27.2L333.8,98L0,3.8V0l1000,0v3.9\"\/>\n<\/svg>\t\t<\/div>\n\t\t\t\t<div class=\"elementor-element elementor-element-5e65ac75 elementor-widget elementor-widget-heading\" data-id=\"5e65ac75\" data-element_type=\"widget\" data-widget_type=\"heading.default\">\n\t\t\t\t<div class=\"elementor-widget-container\">\n\t\t\t\t\t<h1 class=\"elementor-heading-title elementor-size-default\">Dispensadores <\/h1>\t\t\t\t<\/div>\n\t\t\t\t<\/div>\n\t\t\t\t\t<\/div>\n\t\t\t\t<\/div>\n\t\t<div class=\"elementor-element elementor-element-5ff31449 e-flex e-con-boxed e-con e-parent\" data-id=\"5ff31449\" data-element_type=\"container\" id=\"dispensadot-big-squirt\" data-settings=\"{&quot;background_background&quot;:&quot;classic&quot;}\">\n\t\t\t\t\t<div class=\"e-con-inner\">\n\t\t<div class=\"elementor-element elementor-element-3ee415af e-con-full e-flex e-con e-child\" data-id=\"3ee415af\" data-element_type=\"container\">\n\t\t\t\t<div class=\"elementor-element elementor-element-5d4d43a elementor-widget elementor-widget-gallery\" data-id=\"5d4d43a\" data-element_type=\"widget\" data-settings=\"{&quot;gallery_layout&quot;:&quot;masonry&quot;,&quot;columns&quot;:1,&quot;gap&quot;:{&quot;unit&quot;:&quot;px&quot;,&quot;size&quot;:0,&quot;sizes&quot;:[]},&quot;lazyload&quot;:&quot;yes&quot;,&quot;columns_tablet&quot;:2,&quot;columns_mobile&quot;:1,&quot;gap_tablet&quot;:{&quot;unit&quot;:&quot;px&quot;,&quot;size&quot;:10,&quot;sizes&quot;:[]},&quot;gap_mobile&quot;:{&quot;unit&quot;:&quot;px&quot;,&quot;size&quot;:10,&quot;sizes&quot;:[]},&quot;link_to&quot;:&quot;file&quot;,&quot;overlay_background&quot;:&quot;yes&quot;,&quot;content_hover_animation&quot;:&quot;fade-in&quot;}\" data-widget_type=\"gallery.default\">\n\t\t\t\t<div class=\"elementor-widget-container\">\n\t\t\t\t\t\t\t<div class=\"elementor-gallery__container\">\n\t\t\t\t\t\t\t<a class=\"e-gallery-item elementor-gallery-item elementor-animated-content\" href=\"https:\/\/shyrispro.com\/wp-content\/uploads\/2024\/02\/Dispensador.png\" data-elementor-open-lightbox=\"yes\" data-elementor-lightbox-slideshow=\"5d4d43a\" data-elementor-lightbox-title=\"DISPENSADOR BIG SQUIRT 1 PROD-2 MANG, 25GPM\" data-e-action-hash=\"#elementor-action%3Aaction%3Dlightbox%26settings%3DeyJpZCI6MjU1LCJ1cmwiOiJodHRwczpcL1wvc2h5cmlzcHJvLmNvbVwvd3AtY29udGVudFwvdXBsb2Fkc1wvMjAyNFwvMDJcL0Rpc3BlbnNhZG9yLnBuZyIsInNsaWRlc2hvdyI6IjVkNGQ0M2EifQ%3D%3D\">\n\t\t\t\t\t<div class=\"e-gallery-image elementor-gallery-item__image\" data-thumbnail=\"https:\/\/shyrispro.com\/wp-content\/uploads\/2024\/02\/Dispensador.png\" data-width=\"1080\" data-height=\"1080\" aria-label=\"DISPENSADOR BIG SQUIRT 1 PROD-2 MANG, 25GPM COD. BD3812-25\" role=\"img\" ><\/div>\n\t\t\t\t\t\t\t\t\t\t\t<div class=\"elementor-gallery-item__overlay\"><\/div>\n\t\t\t\t\t\t\t\t\t\t\t\t\t\t<\/a>\n\t\t\t\t\t<\/div>\n\t\t\t\t\t<\/div>\n\t\t\t\t<\/div>\n\t\t\t\t<\/div>\n\t\t<div class=\"elementor-element elementor-element-5a462461 e-con-full e-flex e-con e-child\" data-id=\"5a462461\" data-element_type=\"container\">\n\t\t\t\t<div class=\"elementor-element elementor-element-6c9db4fd elementor-widget elementor-widget-heading\" data-id=\"6c9db4fd\" data-element_type=\"widget\" data-widget_type=\"heading.default\">\n\t\t\t\t<div class=\"elementor-widget-container\">\n\t\t\t\t\t<h1 class=\"elementor-heading-title elementor-size-default\">Dispensador big squirt 1 prod-2 mang, 25gpm   <\/h1>\t\t\t\t<\/div>\n\t\t\t\t<\/div>\n\t\t\t\t<div class=\"elementor-element elementor-element-5fdff925 elementor-widget elementor-widget-text-editor\" data-id=\"5fdff925\" data-element_type=\"widget\" data-widget_type=\"text-editor.default\">\n\t\t\t\t<div class=\"elementor-widget-container\">\n\t\t\t\t\t\t\t\t\t<p><strong>Este<\/strong> dispensador est\u00e1 dise\u00f1ado para ofrecer un rendimiento \u00f3ptimo y una experiencia de usuario satisfactoria.<\/p><p>Caracter\u00edsticas principales:<\/p><ol><li><strong>Alto rendimiento<\/strong>: Con una capacidad de flujo de 25 galones por minuto (GPM), el dispensador Big Squirt 1 PROD-2 MANG proporciona un suministro r\u00e1pido y eficiente de combustible para los clientes.<\/li><li><strong>Dise\u00f1o compacto y robusto<\/strong>: Su dise\u00f1o compacto permite una f\u00e1cil instalaci\u00f3n en espacios reducidos, mientras que su construcci\u00f3n robusta garantiza durabilidad y resistencia a la intemperie.<\/li><li><strong>Versatilidad en la dispensaci\u00f3n<\/strong>: Equipado con dos mangueras de dispensaci\u00f3n, este dispensador ofrece la flexibilidad de distribuir dos tipos de combustible diferentes, lo que satisface las necesidades de una variedad de clientes.<\/li><li><strong>Facilidad de uso<\/strong>: Dise\u00f1ado con la comodidad del usuario en mente, el Big Squirt 1 PROD-2 MANG cuenta con controles intuitivos y una interfaz f\u00e1cil de entender para una operaci\u00f3n sin problemas.<\/li><\/ol>\t\t\t\t\t\t\t\t<\/div>\n\t\t\t\t<\/div>\n\t\t\t\t<div class=\"elementor-element elementor-element-d6aff95 elementor-widget elementor-widget-button\" data-id=\"d6aff95\" data-element_type=\"widget\" data-widget_type=\"button.default\">\n\t\t\t\t<div class=\"elementor-widget-container\">\n\t\t\t\t\t\t\t\t\t<div class=\"elementor-button-wrapper\">\n\t\t\t\t\t<a class=\"elementor-button elementor-button-link elementor-size-sm\" href=\"https:\/\/wa.link\/2u18mp\">\n\t\t\t\t\t\t<span class=\"elementor-button-content-wrapper\">\n\t\t\t\t\t\t\t\t\t<span class=\"elementor-button-text\">Comprar<\/span>\n\t\t\t\t\t<\/span>\n\t\t\t\t\t<\/a>\n\t\t\t\t<\/div>\n\t\t\t\t\t\t\t\t<\/div>\n\t\t\t\t<\/div>\n\t\t\t\t<\/div>\n\t\t\t\t\t<\/div>\n\t\t\t\t<\/div>\n\t\t<div class=\"elementor-element elementor-element-efbd028 e-flex e-con-boxed e-con e-parent\" data-id=\"efbd028\" data-element_type=\"container\" id=\"dispensador-wayne-helix\" data-settings=\"{&quot;background_background&quot;:&quot;classic&quot;}\">\n\t\t\t\t\t<div class=\"e-con-inner\">\n\t\t<div class=\"elementor-element elementor-element-eb62624 e-con-full e-flex e-con e-child\" data-id=\"eb62624\" data-element_type=\"container\">\n\t\t\t\t<div class=\"elementor-element elementor-element-964a48d elementor-widget elementor-widget-gallery\" data-id=\"964a48d\" data-element_type=\"widget\" data-settings=\"{&quot;gallery_layout&quot;:&quot;masonry&quot;,&quot;columns&quot;:1,&quot;gap&quot;:{&quot;unit&quot;:&quot;px&quot;,&quot;size&quot;:17,&quot;sizes&quot;:[]},&quot;lazyload&quot;:&quot;yes&quot;,&quot;columns_tablet&quot;:2,&quot;columns_mobile&quot;:1,&quot;gap_tablet&quot;:{&quot;unit&quot;:&quot;px&quot;,&quot;size&quot;:10,&quot;sizes&quot;:[]},&quot;gap_mobile&quot;:{&quot;unit&quot;:&quot;px&quot;,&quot;size&quot;:10,&quot;sizes&quot;:[]},&quot;link_to&quot;:&quot;file&quot;,&quot;overlay_background&quot;:&quot;yes&quot;,&quot;content_hover_animation&quot;:&quot;fade-in&quot;}\" data-widget_type=\"gallery.default\">\n\t\t\t\t<div class=\"elementor-widget-container\">\n\t\t\t\t\t\t\t<div class=\"elementor-gallery__container\">\n\t\t\t\t\t\t\t<a class=\"e-gallery-item elementor-gallery-item elementor-animated-content\" href=\"https:\/\/shyrispro.com\/wp-content\/uploads\/2024\/03\/Dispensador-2.png\" data-elementor-open-lightbox=\"yes\" data-elementor-lightbox-slideshow=\"964a48d\" data-elementor-lightbox-title=\"DISPENSADOR WAYNE HELIX 2 PROD-4 MANG   COD. WWH(N\/LU)22-22R39255\" data-e-action-hash=\"#elementor-action%3Aaction%3Dlightbox%26settings%3DeyJpZCI6NTYwLCJ1cmwiOiJodHRwczpcL1wvc2h5cmlzcHJvLmNvbVwvd3AtY29udGVudFwvdXBsb2Fkc1wvMjAyNFwvMDNcL0Rpc3BlbnNhZG9yLTIucG5nIiwic2xpZGVzaG93IjoiOTY0YTQ4ZCJ9\">\n\t\t\t\t\t<div class=\"e-gallery-image elementor-gallery-item__image\" data-thumbnail=\"https:\/\/shyrispro.com\/wp-content\/uploads\/2024\/03\/Dispensador-2.png\" data-width=\"1080\" data-height=\"1080\" aria-label=\"DISPENSADOR WAYNE HELIX 2 PROD-4 MANG COD. WWH(N\/LU)22-22R39255\" role=\"img\" ><\/div>\n\t\t\t\t\t\t\t\t\t\t\t<div class=\"elementor-gallery-item__overlay\"><\/div>\n\t\t\t\t\t\t\t\t\t\t\t\t\t\t<\/a>\n\t\t\t\t\t<\/div>\n\t\t\t\t\t<\/div>\n\t\t\t\t<\/div>\n\t\t\t\t<\/div>\n\t\t<div class=\"elementor-element elementor-element-74e4eef e-con-full e-flex e-con e-child\" data-id=\"74e4eef\" data-element_type=\"container\">\n\t\t\t\t<div class=\"elementor-element elementor-element-e2cae2e elementor-widget elementor-widget-heading\" data-id=\"e2cae2e\" data-element_type=\"widget\" data-widget_type=\"heading.default\">\n\t\t\t\t<div class=\"elementor-widget-container\">\n\t\t\t\t\t<h2 class=\"elementor-heading-title elementor-size-default\">Dispensador wayne helix 2 prod-4 mang  <\/h2>\t\t\t\t<\/div>\n\t\t\t\t<\/div>\n\t\t\t\t<div class=\"elementor-element elementor-element-1d1edb1 elementor-widget elementor-widget-text-editor\" data-id=\"1d1edb1\" data-element_type=\"widget\" data-widget_type=\"text-editor.default\">\n\t\t\t\t<div class=\"elementor-widget-container\">\n\t\t\t\t\t\t\t\t\t<p><strong>Es<\/strong> un equipo de \u00faltima generaci\u00f3n dise\u00f1ado para la distribuci\u00f3n eficiente de combustible en estaciones de servicio y puntos de venta similares. Este dispensador combina tecnolog\u00eda avanzada con un dise\u00f1o ergon\u00f3mico y atractivo.<\/p><p>Caracter\u00edsticas principales:<\/p><ol><li><strong>Alto rendimiento<\/strong>: Equipado con tecnolog\u00eda de vanguardia, el dispensador Wayne Helix 2 PROD-4 MANG garantiza un suministro r\u00e1pido y confiable de combustible para los clientes.<\/li><li><strong>Dise\u00f1o moderno<\/strong>: Su dise\u00f1o elegante y contempor\u00e1neo lo convierte en una pieza atractiva que complementa la est\u00e9tica de cualquier estaci\u00f3n de servicio.<\/li><li><strong>Funcionalidad vers\u00e1til<\/strong>: Con capacidad para cuatro mangueras de dispensaci\u00f3n, este dispensador ofrece una amplia gama de opciones de combustible para satisfacer las necesidades de los clientes.<\/li><li><strong>Durabilidad y fiabilidad<\/strong>: Construido con materiales resistentes y componentes de alta calidad, este dispensador est\u00e1 dise\u00f1ado para soportar un uso intensivo y proporcionar un funcionamiento confiable a largo plazo.<\/li><\/ol>\t\t\t\t\t\t\t\t<\/div>\n\t\t\t\t<\/div>\n\t\t\t\t<div class=\"elementor-element elementor-element-61ad393 elementor-widget elementor-widget-button\" data-id=\"61ad393\" data-element_type=\"widget\" data-widget_type=\"button.default\">\n\t\t\t\t<div class=\"elementor-widget-container\">\n\t\t\t\t\t\t\t\t\t<div class=\"elementor-button-wrapper\">\n\t\t\t\t\t<a class=\"elementor-button elementor-button-link elementor-size-sm\" href=\"https:\/\/wa.link\/3bv6vz\">\n\t\t\t\t\t\t<span class=\"elementor-button-content-wrapper\">\n\t\t\t\t\t\t\t\t\t<span class=\"elementor-button-text\">Comprar<\/span>\n\t\t\t\t\t<\/span>\n\t\t\t\t\t<\/a>\n\t\t\t\t<\/div>\n\t\t\t\t\t\t\t\t<\/div>\n\t\t\t\t<\/div>\n\t\t\t\t<\/div>\n\t\t\t\t\t<\/div>\n\t\t\t\t<\/div>\n\t\t<div class=\"elementor-element elementor-element-4451e8d0 e-flex e-con-boxed e-con e-parent\" data-id=\"4451e8d0\" data-element_type=\"container\">\n\t\t\t\t\t<div class=\"e-con-inner\">\n\t\t\t\t<div class=\"elementor-element elementor-element-3696457a elementor-skin-coverflow elementor-arrows-yes elementor-pagination-type-bullets elementor-pagination-position-outside elementor-widget elementor-widget-media-carousel\" data-id=\"3696457a\" data-element_type=\"widget\" data-settings=\"{&quot;skin&quot;:&quot;coverflow&quot;,&quot;space_between&quot;:{&quot;unit&quot;:&quot;px&quot;,&quot;size&quot;:0,&quot;sizes&quot;:[]},&quot;show_arrows&quot;:&quot;yes&quot;,&quot;pagination&quot;:&quot;bullets&quot;,&quot;speed&quot;:500,&quot;autoplay&quot;:&quot;yes&quot;,&quot;autoplay_speed&quot;:5000,&quot;loop&quot;:&quot;yes&quot;,&quot;pause_on_hover&quot;:&quot;yes&quot;,&quot;pause_on_interaction&quot;:&quot;yes&quot;,&quot;space_between_tablet&quot;:{&quot;unit&quot;:&quot;px&quot;,&quot;size&quot;:10,&quot;sizes&quot;:[]},&quot;space_between_mobile&quot;:{&quot;unit&quot;:&quot;px&quot;,&quot;size&quot;:10,&quot;sizes&quot;:[]}}\" data-widget_type=\"media-carousel.default\">\n\t\t\t\t<div class=\"elementor-widget-container\">\n\t\t\t\t\t\t\t<div class=\"elementor-swiper\">\n\t\t\t<div class=\"elementor-main-swiper swiper\">\n\t\t\t\t<div class=\"swiper-wrapper\">\n\t\t\t\t\t\t\t\t\t\t\t<div class=\"swiper-slide\">\n\t\t\t\t\t\t\t<a href=\"http:\/\/shyrispro.com\/index.php\/dispensadores\/\">\t\t<div class=\"elementor-carousel-image\" role=\"img\" aria-label=\"DISPENSADOR BIG SQUIRT 1 PROD-2 MANG, 25GPM COD. BD3812-25\" style=\"background-image: url(&#039;https:\/\/shyrispro.com\/wp-content\/uploads\/2024\/02\/Dispensador.png&#039;)\">\n\n\t\t\t\n\t\t\t\t\t<\/div>\n\t\t\t\t\t<div class=\"elementor-carousel-image-overlay e-overlay-animation-fade\">\n\t\t\t\tDISPENSADOR BIG SQUIRT 1 PROD-2 MANG, 25GPM\t\t\t<\/div>\n\t\t\t<\/a>\t\t\t\t\t\t<\/div>\n\t\t\t\t\t\t\t\t\t\t\t<div class=\"swiper-slide\">\n\t\t\t\t\t\t\t<a href=\"https:\/\/shyrispro.com\/index.php\/calibrador-volumetrico\/\">\t\t<div class=\"elementor-carousel-image\" role=\"img\" aria-label=\"CALIBRADOR VOLUMETRICO\" style=\"background-image: url(&#039;https:\/\/shyrispro.com\/wp-content\/uploads\/2024\/03\/sin-nombre-3.png&#039;)\">\n\n\t\t\t\n\t\t\t\t\t<\/div>\n\t\t\t\t\t<div class=\"elementor-carousel-image-overlay e-overlay-animation-fade\">\n\t\t\t\tCALIBRADOR VOLUMETRICO\t\t\t<\/div>\n\t\t\t<\/a>\t\t\t\t\t\t<\/div>\n\t\t\t\t\t\t\t\t\t\t\t<div class=\"swiper-slide\">\n\t\t\t\t\t\t\t<a href=\"http:\/\/shyrispro.com\/index.php\/filtros\/\">\t\t<div class=\"elementor-carousel-image\" role=\"img\" aria-label=\"Filtros\" style=\"background-image: url(&#039;https:\/\/shyrispro.com\/wp-content\/uploads\/2024\/02\/todos-los-filtros.png&#039;)\">\n\n\t\t\t\n\t\t\t\t\t<\/div>\n\t\t\t\t\t<div class=\"elementor-carousel-image-overlay e-overlay-animation-fade\">\n\t\t\t\tFILTROS\t\t\t<\/div>\n\t\t\t<\/a>\t\t\t\t\t\t<\/div>\n\t\t\t\t\t\t\t\t\t\t\t<div class=\"swiper-slide\">\n\t\t\t\t\t\t\t<a href=\"https:\/\/shyrispro.com\/index.php\/valvula-de-seguridad\/\">\t\t<div class=\"elementor-carousel-image\" role=\"img\" aria-label=\"V\u00e1lvula de seguridad, universal 1 1\/2&quot; N COD. HLUVS1-5\" style=\"background-image: url(&#039;https:\/\/shyrispro.com\/wp-content\/uploads\/2024\/02\/521RMS-15-Male-Safety-Valve.png&#039;)\">\n\n\t\t\t\n\t\t\t\t\t<\/div>\n\t\t\t\t\t<div class=\"elementor-carousel-image-overlay e-overlay-animation-fade\">\n\t\t\t\tV\u00e1lvula de seguridad, universal 1 1\/2\" N COD. HLUVS1-5\t\t\t<\/div>\n\t\t\t<\/a>\t\t\t\t\t\t<\/div>\n\t\t\t\t\t\t\t\t\t\t\t<div class=\"swiper-slide\">\n\t\t\t\t\t\t\t<a href=\"https:\/\/shyrispro.com\/index.php\/pistola\/\">\t\t<div class=\"elementor-carousel-image\" role=\"img\" aria-label=\"PISTOLAS COD\" style=\"background-image: url(&#039;https:\/\/shyrispro.com\/wp-content\/uploads\/2024\/02\/159404N-Vehiculos-pequenos-3-4-1.png&#039;)\">\n\n\t\t\t\n\t\t\t\t\t<\/div>\n\t\t\t\t\t<div class=\"elementor-carousel-image-overlay e-overlay-animation-fade\">\n\t\t\t\tPISTOLAS COD\t\t\t<\/div>\n\t\t\t<\/a>\t\t\t\t\t\t<\/div>\n\t\t\t\t\t\t\t\t\t\t\t<div class=\"swiper-slide\">\n\t\t\t\t\t\t\t<a href=\"https:\/\/shyrispro.com\/index.php\/capacitor\/\">\t\t<div class=\"elementor-carousel-image\" role=\"img\" aria-label=\"CAPACITOR 40 MFD PARA BOMBA SUMERGIBLE\" style=\"background-image: url(&#039;https:\/\/shyrispro.com\/wp-content\/uploads\/2024\/02\/Capacitor-Asy-40-MED-Spare-Part.png&#039;)\">\n\n\t\t\t\n\t\t\t\t\t<\/div>\n\t\t\t\t\t<div class=\"elementor-carousel-image-overlay e-overlay-animation-fade\">\n\t\t\t\tCAPACITOR 40 MFD PARA BOMBA SUMERGIBLE\t\t\t<\/div>\n\t\t\t<\/a>\t\t\t\t\t\t<\/div>\n\t\t\t\t\t\t\t\t\t\t\t<div class=\"swiper-slide\">\n\t\t\t\t\t\t\t<a href=\"https:\/\/shyrispro.com\/index.php\/valvula-de-sobre-llenado\/#presure\">\t\t<div class=\"elementor-carousel-image\" role=\"img\" aria-label=\"V\u00c1LVULA DE VENTEO DE ALTO FLUJO DE SALIDA DE GAS\" style=\"background-image: url(&#039;https:\/\/shyrispro.com\/wp-content\/uploads\/2024\/02\/Valvula-de-venteo-2-lado-1.png&#039;)\">\n\n\t\t\t\n\t\t\t\t\t<\/div>\n\t\t\t\t\t<div class=\"elementor-carousel-image-overlay e-overlay-animation-fade\">\n\t\t\t\tV\u00c1LVULA DE VENTEO DE ALTO FLUJO DE SALIDA DE GAS\t\t\t<\/div>\n\t\t\t<\/a>\t\t\t\t\t\t<\/div>\n\t\t\t\t\t\t\t\t\t\t\t<div class=\"swiper-slide\">\n\t\t\t\t\t\t\t<a href=\"https:\/\/shyrispro.com\/index.php\/flexos\/\">\t\t<div class=\"elementor-carousel-image\" role=\"img\" aria-label=\"FIREFLEX CONN\" style=\"background-image: url(&#039;https:\/\/shyrispro.com\/wp-content\/uploads\/2024\/03\/FIREFLEX-CONN-1.png&#039;)\">\n\n\t\t\t\n\t\t\t\t\t<\/div>\n\t\t\t\t\t<div class=\"elementor-carousel-image-overlay e-overlay-animation-fade\">\n\t\t\t\tFIREFLEX CONN\t\t\t<\/div>\n\t\t\t<\/a>\t\t\t\t\t\t<\/div>\n\t\t\t\t\t\t\t\t\t\t\t<div class=\"swiper-slide\">\n\t\t\t\t\t\t\t<a href=\"https:\/\/shyrispro.com\/index.php\/teflon-en-pasta-para-combustibless04\/\">\t\t<div class=\"elementor-carousel-image\" role=\"img\" aria-label=\"Tefl\u00f3n en pasta para CombustibleSS04\" style=\"background-image: url(&#039;https:\/\/shyrispro.com\/wp-content\/uploads\/2024\/02\/2-Gasoila.png&#039;)\">\n\n\t\t\t\n\t\t\t\t\t<\/div>\n\t\t\t\t\t<div class=\"elementor-carousel-image-overlay e-overlay-animation-fade\">\n\t\t\t\tTefl\u00f3n en pasta para CombustibleSS04\t\t\t<\/div>\n\t\t\t<\/a>\t\t\t\t\t\t<\/div>\n\t\t\t\t\t\t\t\t\t\t\t<div class=\"swiper-slide\">\n\t\t\t\t\t\t\t<a href=\"http:\/\/shyrispro.com\/index.php\/pasta-para-medir-nivel-de-combustibles\/\">\t\t<div class=\"elementor-carousel-image\" role=\"img\" aria-label=\"PASTA PARA MEDIR NIVEL DE COMBUSTIBLES - EMBASE TIPO POMO DE 2.25 Oz.\" style=\"background-image: url(&#039;https:\/\/shyrispro.com\/wp-content\/uploads\/2024\/03\/Korol-Kut-Paste.png&#039;)\">\n\n\t\t\t\n\t\t\t\t\t<\/div>\n\t\t\t\t\t<div class=\"elementor-carousel-image-overlay e-overlay-animation-fade\">\n\t\t\t\tPASTA PARA MEDIR NIVEL DE COMBUSTIBLES - EMBASE TIPO POMO DE 2.25 Oz.\t\t\t<\/div>\n\t\t\t<\/a>\t\t\t\t\t\t<\/div>\n\t\t\t\t\t\t\t\t\t\t\t<div class=\"swiper-slide\">\n\t\t\t\t\t\t\t<a href=\"https:\/\/shyrispro.com\/index.php\/consola-monitoreo-evo200d\/\">\t\t<div class=\"elementor-carousel-image\" role=\"img\" aria-label=\"CONSOLA MONITOREO EVO200D\" style=\"background-image: url(&#039;https:\/\/shyrispro.com\/wp-content\/uploads\/2024\/02\/EVO-Franklin-Fueling-Systems-lateral-1.png&#039;)\">\n\n\t\t\t\n\t\t\t\t\t<\/div>\n\t\t\t\t\t<div class=\"elementor-carousel-image-overlay e-overlay-animation-fade\">\n\t\t\t\tCONSOLA MONITOREO EVO200D\t\t\t<\/div>\n\t\t\t<\/a>\t\t\t\t\t\t<\/div>\n\t\t\t\t\t\t\t\t\t\t\t<div class=\"swiper-slide\">\n\t\t\t\t\t\t\t<a href=\"https:\/\/shyrispro.com\/index.php\/kit-de-instalacion-de-sonda\/\">\t\t<div class=\"elementor-carousel-image\" role=\"img\" aria-label=\"KIT DE INSTALACI\u00d3N DE SONDA DE 4&quot;\" style=\"background-image: url(&#039;https:\/\/shyrispro.com\/wp-content\/uploads\/2024\/03\/INV-PROBE-INSTALL-RIT-4-INCH-RISERS-NPT.png&#039;)\">\n\n\t\t\t\n\t\t\t\t\t<\/div>\n\t\t\t\t\t<div class=\"elementor-carousel-image-overlay e-overlay-animation-fade\">\n\t\t\t\tKIT DE INSTALACI\u00d3N DE SONDA DE 4\"\t\t\t<\/div>\n\t\t\t<\/a>\t\t\t\t\t\t<\/div>\n\t\t\t\t\t\t\t\t\t<\/div>\n\t\t\t\t\t\t\t\t\t\t\t\t\t\t\t<div class=\"swiper-pagination\"><\/div>\n\t\t\t\t\t\t\t\t\t\t\t\t\t\t\t\t<div class=\"elementor-swiper-button elementor-swiper-button-prev\" role=\"button\" tabindex=\"0\">\n\t\t\t\t\t\t\t<svg aria-hidden=\"true\" class=\"e-font-icon-svg e-eicon-chevron-left\" viewBox=\"0 0 1000 1000\" xmlns=\"http:\/\/www.w3.org\/2000\/svg\"><path d=\"M646 125C629 125 613 133 604 142L308 442C296 454 292 471 292 487 292 504 296 521 308 533L604 854C617 867 629 875 646 875 663 875 679 871 692 858 704 846 713 829 713 812 713 796 708 779 692 767L438 487 692 225C700 217 708 204 708 187 708 171 704 154 692 142 675 129 663 125 646 125Z\"><\/path><\/svg>\t\t\t\t\t\t\t<span class=\"elementor-screen-only\">Previous<\/span>\n\t\t\t\t\t\t<\/div>\n\t\t\t\t\t\t<div class=\"elementor-swiper-button elementor-swiper-button-next\" role=\"button\" tabindex=\"0\">\n\t\t\t\t\t\t\t<svg aria-hidden=\"true\" class=\"e-font-icon-svg e-eicon-chevron-right\" viewBox=\"0 0 1000 1000\" xmlns=\"http:\/\/www.w3.org\/2000\/svg\"><path d=\"M696 533C708 521 713 504 713 487 713 471 708 454 696 446L400 146C388 133 375 125 354 125 338 125 325 129 313 142 300 154 292 171 292 187 292 204 296 221 308 233L563 492 304 771C292 783 288 800 288 817 288 833 296 850 308 863 321 871 338 875 354 875 371 875 388 867 400 854L696 533Z\"><\/path><\/svg>\t\t\t\t\t\t\t<span class=\"elementor-screen-only\">Next<\/span>\n\t\t\t\t\t\t<\/div>\n\t\t\t\t\t\t\t\t\t\t\t\t<\/div>\n\t\t<\/div>\n\t\t\t\t\t\t<\/div>\n\t\t\t\t<\/div>\n\t\t\t\t\t<\/div>\n\t\t\t\t<\/div>\n\t\t\t\t<\/div>\n\t\t","protected":false},"excerpt":{"rendered":"<p>Dispensadores Dispensador big squirt 1 prod-2 mang, 25gpm Este dispensador est\u00e1 dise\u00f1ado para ofrecer un rendimiento \u00f3ptimo y una experiencia de usuario satisfactoria. Caracter\u00edsticas principales: Alto rendimiento: Con una capacidad de flujo de 25 galones por minuto (GPM), el dispensador Big Squirt 1 PROD-2 MANG proporciona un suministro r\u00e1pido y eficiente de combustible para los [&hellip;]<\/p>\n","protected":false},"author":1,"featured_media":0,"parent":0,"menu_order":0,"comment_status":"closed","ping_status":"closed","template":"","meta":{"footnotes":""},"class_list":["post-658","page","type-page","status-publish","hentry"],"_links":{"self":[{"href":"https:\/\/shyrispro.com\/index.php\/wp-json\/wp\/v2\/pages\/658","targetHints":{"allow":["GET"]}}],"collection":[{"href":"https:\/\/shyrispro.com\/index.php\/wp-json\/wp\/v2\/pages"}],"about":[{"href":"https:\/\/shyrispro.com\/index.php\/wp-json\/wp\/v2\/types\/page"}],"author":[{"embeddable":true,"href":"https:\/\/shyrispro.com\/index.php\/wp-json\/wp\/v2\/users\/1"}],"replies":[{"embeddable":true,"href":"https:\/\/shyrispro.com\/index.php\/wp-json\/wp\/v2\/comments?post=658"}],"version-history":[{"count":43,"href":"https:\/\/shyrispro.com\/index.php\/wp-json\/wp\/v2\/pages\/658\/revisions"}],"predecessor-version":[{"id":2162,"href":"https:\/\/shyrispro.com\/index.php\/wp-json\/wp\/v2\/pages\/658\/revisions\/2162"}],"wp:attachment":[{"href":"https:\/\/shyrispro.com\/index.php\/wp-json\/wp\/v2\/media?parent=658"}],"curies":[{"name":"wp","href":"https:\/\/api.w.org\/{rel}","templated":true}]}}